{"id":90,"date":"2018-09-06T13:13:28","date_gmt":"2018-09-06T11:13:28","guid":{"rendered":"http:\/\/www.tsrb.hr\/cisco\/?page_id=90"},"modified":"2024-01-14T22:01:01","modified_gmt":"2024-01-14T21:01:01","slug":"upisi-ccna","status":"publish","type":"page","link":"https:\/\/www.tsrb.hr\/cisco\/upisi-ccna\/","title":{"rendered":"Upisi u CCNAv7 te\u010daj"},"content":{"rendered":"<p>Informacije o te\u010daju<\/p>\n<ul>\n<li>trajanje: 210 sati (5-6 mjeseci)<\/li>\n<li>upis zvanja u e-radnu knji\u017eicu<\/li>\n<li>lokacija: Zagreb, Getaldi\u0107eva 4<\/li>\n<li>besplatan parking<\/li>\n<\/ul>\n<hr \/>\n<p>Cijene<\/p>\n<ul>\n<li><strong>Tvrtke:<\/strong> 1060 EUR (jednokratno)<\/li>\n<li><strong>Osobno:<\/strong>\u00a0 830 EUR (jednokratno), 945 EUR (3 rate po 315 EUR)<\/li>\n<li><strong>Studenti\/u\u010denici\/nezaposleni:<\/strong>\u00a0 750 EUR (jednokratno),\u00a0 855 EUR (3 rate po 285 EUR)<\/li>\n<li><strong>U\u010denici T\u0160RB: <\/strong>\u00a0680 EUR (jednokratno),\u00a0\u00a0780 EUR (3 rate po 260 EUR)<\/li>\n<\/ul>\n<hr \/>\n<p>CCNA prijava\u00a0<\/p>\n<p>Slanje prijave ne predstavlja obvezu poha\u0111anja te\u010daja. Kontaktirati \u0107emo Vas radi potvrde prijave.<\/p>\n<div style=\"display:none\" class=\"fm-form-container fm-theme54\"><div id=\"fm-pages12\" class=\"fm-pages wdform_page_navigation \" show_title=\"false\" show_numbers=\"false\" type=\"none\"><\/div><form name=\"form12\" action=\"\/cisco\/wp-json\/wp\/v2\/pages\/90\" method=\"post\" id=\"form12\" class=\"fm-form form12  \" enctype=\"multipart\/form-data\"><input type=\"hidden\" id=\"fm_page_id12\" value=\"90\" name=\"fm_page_id12\" \/><input type=\"hidden\" id=\"fm_current_post_type12\" value=\"page\" name=\"fm_current_post_type12\" \/><input type=\"hidden\" id=\"counter12\" value=\"15\" name=\"counter12\" \/><input type=\"hidden\" id=\"Itemid12\" value=\"\" name=\"Itemid12\" \/><input type=\"hidden\" id=\"fm_shake12\" value=\"1\" name=\"fm_shake12\" \/><input type=\"text\" class=\"fm-hide\" id=\"fm_bot_validation12\" value=\"\" name=\"fm_bot_validation12\" \/><input type=\"text\" class=\"fm-hide\" id=\"fm_empty_field_validation12\" value=\"\" name=\"fm_empty_field_validation12\" data-value=\"bd736efb144d599cf463541431fbf5c4\" \/><input type=\"hidden\" id=\"fm_form_nonce12\" name=\"fm_form_nonce12\" value=\"09175ae254\" \/><input type=\"hidden\" name=\"_wp_http_referer\" value=\"\/cisco\/wp-json\/wp\/v2\/pages\/90\" \/><div class=\"wdform-page-and-images fm-form-builder\"><div id=\"12form_view1\" class=\"wdform_page\" page_title=\"Untitled page\" next_title=\"Next\" next_type=\"text\" next_class=\"wdform-page-button\" next_checkable=\"true\" previous_title=\"Previous\" previous_type=\"text\" previous_class=\"wdform-page-button\" previous_checkable=\"false\"><div class=\"wdform_section\"><div class=\"wdform_column\"><div wdid=\"2\" class=\"wdform_row\"><div type=\"type_text\" class=\"wdform-field wd-width-100 wd-flex wd-flex-column fm-type_text\" ><div class=\"wdform-label-section wd-width-100  wd-flex-row wd-align-items-center\">    <label  for=\"wdform_2_element12\" class=\"wdform-label\">Ime<\/label><span class=\"wdform-required\">*<\/span><\/div><div class=\"wdform-element-section wd-flex  wd-flex-row wd-align-items-center wd-width-100\" ><input type=\"text\"                           class=\"wd-width-100\"                           id=\"wdform_2_element12\"                           name=\"wdform_2_element12\"                           value=\"\"                           data-value=\"\"                           title=\"\"                           placeholder=\"\"                                                       \/><\/div><\/div><\/div><div wdid=\"3\" class=\"wdform_row\" style=\"position: relative; left: 0px; top: 0px;\"><div type=\"type_text\" class=\"wdform-field wd-width-100 wd-flex wd-flex-column fm-type_text\" ><div class=\"wdform-label-section wd-width-100  wd-flex-row wd-align-items-center\">    <label  for=\"wdform_3_element12\" class=\"wdform-label\">Prezime<\/label><span class=\"wdform-required\">*<\/span><\/div><div class=\"wdform-element-section wd-flex  wd-flex-row wd-align-items-center wd-width-100\" ><input type=\"text\"                           class=\"wd-width-100\"                           id=\"wdform_3_element12\"                           name=\"wdform_3_element12\"                           value=\"\"                           data-value=\"\"                           title=\"\"                           placeholder=\"\"                                                       \/><\/div><\/div><\/div><\/div><div class=\"wdform_column\"><div wdid=\"4\" class=\"wdform_row\"><div type=\"type_text\" class=\"wdform-field wd-width-100 wd-flex wd-flex-column fm-type_text\" ><div class=\"wdform-label-section wd-width-100  wd-flex-row wd-align-items-center\">    <label  for=\"wdform_4_element12\" class=\"wdform-label\">Email<\/label><span class=\"wdform-required\">*<\/span><\/div><div class=\"wdform-element-section wd-flex  wd-flex-row wd-align-items-center wd-width-100\" ><input type=\"text\"                           class=\"wd-width-100\"                           id=\"wdform_4_element12\"                           name=\"wdform_4_element12\"                           value=\"\"                           data-value=\"\"                           title=\"\"                           placeholder=\"\"                                                       \/><\/div><\/div><\/div><div wdid=\"6\" class=\"wdform_row\" style=\"position: relative; left: 0px; top: 0px;\"><div type=\"type_text\" class=\"wdform-field wd-width-100 wd-flex wd-flex-column fm-type_text\" ><div class=\"wdform-label-section wd-width-100  wd-flex-row wd-align-items-center\">    <label  for=\"wdform_6_element12\" class=\"wdform-label\">Telefon<\/label><span class=\"wdform-required\">*<\/span><\/div><div class=\"wdform-element-section wd-flex  wd-flex-row wd-align-items-center wd-width-100\" ><input type=\"text\"                           class=\"wd-width-100\"                           id=\"wdform_6_element12\"                           name=\"wdform_6_element12\"                           value=\"\"                           data-value=\"\"                           title=\"\"                           placeholder=\"\"                                                       attribute=value \/><\/div><\/div><\/div><\/div><div class=\"wdform_column\"><div wdid=\"10\" class=\"wdform_row\"><div type=\"type_radio\" class=\"wdform-field wd-width-100 wd-flex wd-flex-column fm-type_radio\" ><div class=\"wdform-label-section wd-width-100  wd-flex-wrap wd-flex-column\">    <label  class=\"wdform-label\">Prijava kao<\/label><\/div><div class=\"wdform-element-section wd-flex  wd-flex-wrap wd-flex-column wd-width-100\" ><div class=\"wd-flex wd-flex-column\"><input type=\"hidden\" name=\"wdform_10_element12\" value=\"\" \/><div class=\"radio-div wd-choice wd-flex wd-flex-row\"><input type=\"radio\"  id=\"wdform_10_element120\" name=\"wdform_10_element12\" value=\"Tvrtka\" onclick=\"set_default(&quot;wdform_10&quot;,&quot;0&quot;,&quot;12&quot;); \"   \/><label class=\"wd-align-items-center wd-flex wd-flex-row\" for=\"wdform_10_element120\"><span><\/span>Tvrtka<\/label><\/div><div class=\"radio-div wd-choice wd-flex wd-flex-row\"><input type=\"radio\"  id=\"wdform_10_element121\" name=\"wdform_10_element12\" value=\"Osobno\" onclick=\"set_default(&quot;wdform_10&quot;,&quot;1&quot;,&quot;12&quot;); \"   \/><label class=\"wd-align-items-center wd-flex wd-flex-row\" for=\"wdform_10_element121\"><span><\/span>Osobno<\/label><\/div><div class=\"radio-div wd-choice wd-flex wd-flex-row\"><input type=\"radio\"  id=\"wdform_10_element122\" name=\"wdform_10_element12\" value=\"Student\/u\u010denik\/nezaposlen\" onclick=\"set_default(&quot;wdform_10&quot;,&quot;2&quot;,&quot;12&quot;); \"   \/><label class=\"wd-align-items-center wd-flex wd-flex-row\" for=\"wdform_10_element122\"><span><\/span>Student\/u\u010denik\/nezaposlen<\/label><\/div><div class=\"radio-div wd-choice wd-flex wd-flex-row\"><input type=\"radio\"  id=\"wdform_10_element123\" name=\"wdform_10_element12\" value=\"U\u010denik T\u0160RB\" onclick=\"set_default(&quot;wdform_10&quot;,&quot;3&quot;,&quot;12&quot;); \"   \/><label class=\"wd-align-items-center wd-flex wd-flex-row\" for=\"wdform_10_element123\"><span><\/span>U\u010denik T\u0160RB<\/label><\/div><\/div><\/div><\/div><\/div><\/div><div class=\"wdform_column\"><div wdid=\"12\" class=\"wdform_row\" style=\"position: relative; left: 0px; top: 0px;\"><div type=\"type_checkbox\" class=\"wdform-field wd-width-100 wd-flex wd-flex-column fm-type_checkbox\" ><div class=\"wdform-label-section wd-width-100  wd-flex-wrap wd-flex-column\">    <label  class=\"wdform-label\">Odabir termina<\/label><\/div><div class=\"wdform-element-section wd-flex  wd-flex-wrap wd-flex-column wd-width-100\" ><div class=\"wd-flex wd-flex-column\"><input type=\"hidden\" name=\"wdform_12_element12\" value=\"\" \/><div class=\"checkbox-div wd-choice wd-flex wd-flex-row\"><input type=\"checkbox\"  id=\"wdform_12_element120\" name=\"wdform_12_element120\" value=\"CCNA termin 1: subota 9:00-15:00\"    \/><label class=\"wd-align-items-center wd-flex wd-flex-row\" for=\"wdform_12_element120\"><span><\/span>CCNA termin 1: subota 9:00-15:00<\/label><\/div><div class=\"checkbox-div wd-choice wd-flex wd-flex-row\"><input type=\"checkbox\"  id=\"wdform_12_element121\" name=\"wdform_12_element121\" value=\"termin mi ne odgovara ali sam zainteresiran\"    \/><label class=\"wd-align-items-center wd-flex wd-flex-row\" for=\"wdform_12_element121\"><span><\/span>termin mi ne odgovara ali sam zainteresiran<\/label><\/div><\/div><\/div><\/div><\/div><\/div><div class=\"wdform_column\"><div wdid=\"14\" class=\"wdform_row\"><div type=\"type_textarea\" class=\"wdform-field wd-width-100 wd-flex wd-flex-column fm-type_textarea\" ><div class=\"wdform-label-section wd-width-100 \">    <label  for=\"wdform_14_element12\" class=\"wdform-label\">Napomene<\/label><\/div><div class=\"wdform-element-section wd-flex  wd-width-100\" style=\"max-width: 600px;\"><textarea class=\"wd-width-100\"                      id=\"wdform_14_element12\"                      name=\"wdform_14_element12\"                      placeholder=\"\"                      data-value=\"\"                      maxlength=\"\"                      style=\"height: 50px;\"                      ><\/textarea><\/div><\/div><\/div><\/div><div class=\"wdform_column\"><div wdid=\"1\" class=\"wdform_row\"><div type=\"type_submit_reset\" class=\"wdform-field wd-width-100 wd-flex wd-flex-column fm-type_submit_reset\" ><div class=\"wdform-element-section wd-flex  wd-flex-row wd-justify-content-left wd-width-100\" ><button  type=\"button\" class=\"button-submit\" onclick=\"fm_submit_form('12');\"  data-ajax=\"0\"><span class=\"fm-submit-loading spinner fm-ico-spinner\"><\/span>Prijava<\/button><button  type=\"button\" class=\"button-reset wd-hidden\" onclick=\"fm_reset_form(12);\" >Poni\u0161ti<\/button><\/div><\/div><\/div><\/div><\/div><div valign=\"top\" class=\"wdform_footer wd-width-100\"><div class=\"wd-width-100\"><div class=\"wd-width-100 wd-table\" style=\"padding-top:10px;\"><div class=\"wd-table-group\"><div id=\"12page_nav1\" class=\"wd-table-row\"><\/div><\/div><\/div><\/div><\/div><\/div><\/div><div class=\"wdform_preload\"><\/div><input type=\"hidden\" name=\"fm-current-page\" value=\"https:\/\/www.tsrb.hr\/cisco\/wp-json\/wp\/v2\/pages\/90\" \/><\/form><\/div>\n\n\n<p><\/p>\n","protected":false},"excerpt":{"rendered":"<p>Informacije o te\u010daju trajanje: 210 sati (5-6 mjeseci) upis zvanja u e-radnu knji\u017eicu lokacija: Zagreb, Getaldi\u0107eva 4 besplatan parking Cijene Tvrtke: 1060 EUR (jednokratno) Osobno:\u00a0 830 EUR (jednokratno), 945 EUR (3 rate po 315 EUR) Studenti\/u\u010denici\/nezaposleni:\u00a0 750 EUR (jednokratno),\u00a0 855 EUR (3 rate po 285 EUR) U\u010denici T\u0160RB: \u00a0680 EUR (jednokratno),\u00a0\u00a0780 EUR (3 rate po [&hellip;]<\/p>\n","protected":false},"author":2,"featured_media":0,"parent":0,"menu_order":0,"comment_status":"closed","ping_status":"closed","template":"","meta":{"_exactmetrics_skip_tracking":false,"_exactmetrics_sitenote_active":false,"_exactmetrics_sitenote_note":"","_exactmetrics_sitenote_category":0,"footnotes":""},"class_list":["post-90","page","type-page","status-publish","czr-hentry"],"_links":{"self":[{"href":"https:\/\/www.tsrb.hr\/cisco\/wp-json\/wp\/v2\/pages\/90","targetHints":{"allow":["GET"]}}],"collection":[{"href":"https:\/\/www.tsrb.hr\/cisco\/wp-json\/wp\/v2\/pages"}],"about":[{"href":"https:\/\/www.tsrb.hr\/cisco\/wp-json\/wp\/v2\/types\/page"}],"author":[{"embeddable":true,"href":"https:\/\/www.tsrb.hr\/cisco\/wp-json\/wp\/v2\/users\/2"}],"replies":[{"embeddable":true,"href":"https:\/\/www.tsrb.hr\/cisco\/wp-json\/wp\/v2\/comments?post=90"}],"version-history":[{"count":152,"href":"https:\/\/www.tsrb.hr\/cisco\/wp-json\/wp\/v2\/pages\/90\/revisions"}],"predecessor-version":[{"id":1279,"href":"https:\/\/www.tsrb.hr\/cisco\/wp-json\/wp\/v2\/pages\/90\/revisions\/1279"}],"wp:attachment":[{"href":"https:\/\/www.tsrb.hr\/cisco\/wp-json\/wp\/v2\/media?parent=90"}],"curies":[{"name":"wp","href":"https:\/\/api.w.org\/{rel}","templated":true}]}}