{"id":215,"date":"2016-08-08T20:16:18","date_gmt":"2016-08-08T20:16:18","guid":{"rendered":"http:\/\/www.tsrb.hr\/cisco\/?page_id=215"},"modified":"2024-01-14T20:38:38","modified_gmt":"2024-01-14T19:38:38","slug":"cijene-2","status":"publish","type":"page","link":"https:\/\/www.tsrb.hr\/cisco\/cisco-networking-academy-tecajevi\/cijene-2\/","title":{"rendered":"Cijene te\u010dajeva"},"content":{"rendered":"<h4>CCNAv7<\/h4>\n<table style=\"height: 233px;\" border=\"0\" width=\"600\" cellspacing=\"1\" cellpadding=\"15\" align=\"left\">\n<tbody>\n<tr>\n<td><strong>Uplatitelj<\/strong><\/td>\n<td><strong>Jednokratno<\/strong><\/td>\n<td><strong>Rate<\/strong><\/td>\n<\/tr>\n<tr>\n<td>Tvrtka<\/td>\n<td>1060 EUR<\/td>\n<td>\u00a0\u2013<\/td>\n<\/tr>\n<tr>\n<td>Osobno<\/td>\n<td>830 EUR<\/td>\n<td>\n<p>945 EUR (3 rate po 315 EUR)<\/p>\n<\/td>\n<\/tr>\n<tr>\n<td>Student\/u\u010denik\/nezaposlen<\/td>\n<td>750 EUR<\/td>\n<td>855 EUR (3 rate po 285 EUR)<\/td>\n<\/tr>\n<tr>\n<td>U\u010denik T\u0160RB<\/td>\n<td>680 EUR<\/td>\n<td>780 EUR (3 rate po 260 EUR)<\/td>\n<\/tr>\n<\/tbody>\n<\/table>\n<h4><strong>Network Security<\/strong><\/h4>\n<table style=\"height: 233px;\" border=\"0\" width=\"600\" cellspacing=\"1\" cellpadding=\"15\" align=\"left\">\n<tbody>\n<tr>\n<td><strong>Uplatitelj<\/strong><\/td>\n<td><strong>Jednokratno\u00a0<\/strong><\/td>\n<td><strong>Rate\u00a0 \u00a0 \u00a0 \u00a0 \u00a0 \u00a0 \u00a0 \u00a0 \u00a0 \u00a0 \u00a0 \u00a0 \u00a0 \u00a0<\/strong><\/td>\n<\/tr>\n<tr>\n<td>Tvrtka<\/td>\n<td>\n<p>675 EUR<\/p>\n<\/td>\n<td>\u00a0\u2013<\/td>\n<\/tr>\n<tr>\n<td>Osobno<\/td>\n<td>540 EUR<\/td>\n<td>580 EUR (2 rate po 290 EUR)<\/td>\n<\/tr>\n<tr>\n<td>Student\/u\u010denik\/nezaposlen<\/td>\n<td>480 EUR<\/td>\n<td>530 EUR (2 rate po 265 EUR)<\/td>\n<\/tr>\n<tr>\n<td>U\u010denik T\u0160RB<\/td>\n<td>420 EUR<\/td>\n<td>470 EUR (2 rate po 235 EUR)<\/td>\n<\/tr>\n<\/tbody>\n<\/table>\n<p><b style=\"font-size: inherit;\"><span class=\"m_679474635333006613gmail-m_-7437619884374655058gmail-il\">Informacije za pla\u0107anje<\/span><\/b><\/p>\n<div class=\"gmail_default\">\n<ul>\n<li class=\"gmail_default\"><b>Primatelj:\u00a0<\/b>Tehni\u010dka \u0161kola Ru\u0111era Bo\u0161kovi\u0107a, Zagreb<\/li>\n<li class=\"gmail_default\"><b>IBAN primatelja:\u00a0<\/b>HR0523600001101239243<\/li>\n<li class=\"gmail_default\"><b>Iznos:\u00a0<\/b><i>iznos iz cjenika za jednokratno pla\u0107anje ili iznos iz cjenika za pla\u0107anje na rate<\/i><\/li>\n<li class=\"gmail_default\"><b>Model: <\/b>ostaviti\u00a0prazno<\/li>\n<li class=\"gmail_default\"><b>Poziv na broj odobrenja: <\/b><em>OIB polaznika<\/em><\/li>\n<li class=\"gmail_default\"><b>Opis pla\u0107anja: <\/b><i>Ime i prezime polaznika, <\/i>Cisco akademija<\/li>\n<\/ul>\n<\/div>\n\n\n<p>Za dodatne informacije o pla\u0107anju molimo kontaktirajte ra\u010dunovodstvo na tel. 01 2371 061, 01 2371 078.<\/p>\n","protected":false},"excerpt":{"rendered":"<p>CCNAv7 Uplatitelj Jednokratno Rate Tvrtka 1060 EUR \u00a0\u2013 Osobno 830 EUR 945 EUR (3 rate po 315 EUR) Student\/u\u010denik\/nezaposlen 750 EUR 855 EUR (3 rate po 285 EUR) U\u010denik T\u0160RB 680 EUR 780 EUR (3 rate po 260 EUR) Network Security Uplatitelj Jednokratno\u00a0 Rate\u00a0 \u00a0 \u00a0 \u00a0 \u00a0 \u00a0 \u00a0 \u00a0 \u00a0 \u00a0 \u00a0 \u00a0 [&hellip;]<\/p>\n","protected":false},"author":2,"featured_media":0,"parent":131,"menu_order":0,"comment_status":"closed","ping_status":"closed","template":"","meta":{"_exactmetrics_skip_tracking":false,"_exactmetrics_sitenote_active":false,"_exactmetrics_sitenote_note":"","_exactmetrics_sitenote_category":0,"footnotes":""},"class_list":["post-215","page","type-page","status-publish","czr-hentry"],"_links":{"self":[{"href":"https:\/\/www.tsrb.hr\/cisco\/wp-json\/wp\/v2\/pages\/215","targetHints":{"allow":["GET"]}}],"collection":[{"href":"https:\/\/www.tsrb.hr\/cisco\/wp-json\/wp\/v2\/pages"}],"about":[{"href":"https:\/\/www.tsrb.hr\/cisco\/wp-json\/wp\/v2\/types\/page"}],"author":[{"embeddable":true,"href":"https:\/\/www.tsrb.hr\/cisco\/wp-json\/wp\/v2\/users\/2"}],"replies":[{"embeddable":true,"href":"https:\/\/www.tsrb.hr\/cisco\/wp-json\/wp\/v2\/comments?post=215"}],"version-history":[{"count":44,"href":"https:\/\/www.tsrb.hr\/cisco\/wp-json\/wp\/v2\/pages\/215\/revisions"}],"predecessor-version":[{"id":1268,"href":"https:\/\/www.tsrb.hr\/cisco\/wp-json\/wp\/v2\/pages\/215\/revisions\/1268"}],"up":[{"embeddable":true,"href":"https:\/\/www.tsrb.hr\/cisco\/wp-json\/wp\/v2\/pages\/131"}],"wp:attachment":[{"href":"https:\/\/www.tsrb.hr\/cisco\/wp-json\/wp\/v2\/media?parent=215"}],"curies":[{"name":"wp","href":"https:\/\/api.w.org\/{rel}","templated":true}]}}